mmon divisor of d and j.
8
Suppose 0*y - 4*y = -40. Suppose 5*r = -3*x + 435, 9*x - 14*x = -5*r + 475. Calculate the highest common factor of y and r.
10
Let f(s) = 13*s - 9. Let c be f(4). Let d = c - -37. Calculate the greatest common divisor of 10 and d.
10
Suppose 151 - 7 = 3*i. Suppose i - 13 = q. What is the highest common divisor of q and 245?
35
Suppose 10 = -u + h, 0 = -3*h + 10 + 5. Let x(z) = -z**3 - 4*z**2 - 6*z + 6. Let o be x(-3). Let i = u + o. What is the highest common factor of 5 and i?
5
Let z be 7*636/3 + 0/(-1). Suppose -240 - 2230 = -5*g + 5*x, -3*g + x + z = 0. Calculate the greatest common divisor of 45 and g.
45
Suppose -b + 87 = -48. Suppose -75 = q - 2*q. Suppose -v - 4*v + q = 0. What is the highest common factor of b and v?
15
Suppose -5*z - 2*j = -17, -3*j - j = -4*z + 8. Suppose 0 = 5*f - 3*a - 3, 4*a + z = -f + 22. What is the greatest common divisor of f and 33?
3
Let q be 17/68 + (-158)/(-8). Suppose 3*x + 3 - 63 = 0. What is the highest common divisor of q and x?
20
Suppose 3*s + 7 - 19 = 0. Suppose -7*j - 195 = -a - 2*j, 432 = 2*a + s*j. Calculate the greatest common divisor of 84 and a.
42
Suppose -2 + 22 = d + 4*i, 5*d = 5*i + 100. Let k = 100 + d. What is the greatest common divisor of k and 48?
24
Let h = 27 - 29. Let k be (-11)/h - (-3)/6. What is the highest common factor of 15 and k?
3
Suppose 17 = 2*y - 3*o, -4*y + 2*o = -2*o - 28. What is the highest common factor of 6 and y?
2
Let w(a) = -365*a**3 + 2*a**2 + 5*a + 4. Let q be w(-1). Calculate the highest common divisor of 6 and q.
6
Let d = -57 + 121. Let o = 109 + -93. What is the greatest common divisor of o and d?
16
Let y(j) = -12*j - 15. Let a be y(5). Let h = a - -225. Suppose 70 = 5*f - 80. Calculate the greatest common divisor of h and f.
30
Suppose 0 = -47*r + 271 + 716. Calculate the greatest common divisor of r and 273.
21
Suppose 3*n - v - 28 = 143, -2*n = -v - 113. Calculate the highest common divisor of 87 and n.
29
Let d(v) be the third derivative of -v**6/120 - v**5/20 - v**4/24 + v**3 - 9*v**2. Let x be d(-3). Calculate the highest common factor of x and 6.
3
Let v = -10 + 15. Suppose 7*j - 54*j = -47. Calculate the highest common factor of j and v.
1
Suppose 0 = -73*m + 5608 - 2031. What is the greatest common divisor of 245 and m?
49
Let b(p) = -27*p - 134. Let u be b(-10). Calculate the highest common factor of 16 and u.
8
Let a = 2 - 2. Suppose -13 = -a*z + z. Let b = -8 - z. Calculate the highest common factor of 5 and b.
5
Suppose -68 = -p + 4*g, -4*p = -2*p - g - 157. Calculate the greatest common factor of 16 and p.
16
Let o(c) = 4*c**2 + 13*c + 54. Let q be o(-4). Calculate the highest common divisor of q and 12.
6
Let d = -7 + 11. Suppose 145 = -5*l - 710. Let g = -127 - l. What is the highest common divisor of d and g?
4
Let h(z) = z**3 - 13*z**2 - 11*z + 11. Let r be h(13). Let c be (r/18)/(6/(-27)). Calculate the greatest common divisor of 22 and c.
11
Let w = 4513 - 2913. What is the highest common factor of 128 and w?
64
Suppose -45*a + 3394 = -9926. What is the greatest common divisor of 40 and a?
8
Suppose 0 = 38*t - 567 - 117. Let v(j) = 17*j**2 - j + 2. Let s be v(-2). What is the greatest common factor of s and t?
18
Suppose -3 = -4*s + 5. Suppose -x = x - i - 19, s*x - 39 = -3*i. Let w be ((-44)/x)/(2/(-12)). What is the greatest common factor of w and 11?
11
Let u(y) = 2*y + 13. Let k = -21 + 26. Suppose -k*n = 4*f, -n - 2*n = -12. Let c be u(f). Calculate the highest common divisor of 3 and c.
3
Let y be (455/(-182))/(2/(-4)). Let j = 38 + -13. What is the greatest common divisor of j and y?
5
Let c(x) = 2*x**2 + x + 18. Let m = 1 + 5. Let k be c(m). Calculate the highest common factor of k and 12.
12
Suppose -4*m = 4*t - 76, -m + 5*t = -2*m + 39. Suppose -72*d + 453 = -1059. Calculate the highest common divisor of m and d.
7
Let r be ((-32)/12 + 0)*3. Let h = 8 + r. Suppose h = -3*c - 3*w + 9, 2 = 2*w - 4*w. What is the greatest common divisor of 44 and c?
4
Suppose -33*u - 2*u + 805 = 0. Suppose -4*o + 196 = -4*a, 2*a + 239 = 5*o - a. What is the greatest common divisor of u and o?
23
Let k be (7*1)/(((-8)/3)/8). Let n = -9 - k. What is the greatest common divisor of n and 12?
12
Let o be (-42)/(7/(-1)) - -42. Calculate the greatest common factor of 204 and o.
12
Let l be -1*100*2/(-4). Suppose -o + l = -102. What is the greatest common divisor of 19 and o?
19
Suppose 0 = 4*v + 12, -67*v + 69*v = 3*q - 435. Calculate the highest common divisor of 88 and q.
11
Let l be 6/18*-3*(-162)/2. What is the highest common factor of l and 9?
9
Let r(b) = 6*b**2 + 2*b + 20. Let z be r(-5). Calculate the greatest common factor of 10 and z.
10
Suppose 4*j = 56 - 20. Let h(p) = -9*p**2 + 15 + p**3 - 4 + j*p - p. Let k be h(8). Calculate the greatest common factor of 121 and k.
11
Let u be (8/(-4)*-1)/(-2). Let g be 4 + u - -24 - -1. Calculate the highest common factor of 56 and g.
28
Let l be 9/15*-22*-5. Calculate the highest common factor of 77 and l.
11
Let w be 27*3*(1 + 0). Suppose -4*a = -p - 75, 73 + 14 = 5*a + p. Calculate the greatest common factor of a and w.
9
Let x = 30 + -30. Suppose -b + 4*l = x, 2*b = -0*b - 4*l + 60. Calculate the highest common divisor of 140 and b.
20
Suppose 0 = 5*p, 61*s + 5*p = 63*s - 40. What is the highest common factor of s and 1780?
20
Let t(k) = -3*k + 54. Let d(r) = -12*r + 216. Let f(b) = -5*d(b) + 21*t(b). Let u be f(16). Calculate the highest common divisor of 66 and u.
6
Suppose 0 = -5*n + 3*c + 7, -n + 2 = n - 2*c. Suppose 8 - n = 2*v. Calculate the greatest common factor of 24 and v.
3
Suppose 83 = 3*l + o, 4*o - 78 - 2 = -3*l. Calculate the highest common divisor of 56 and l.
28
Let p = -25 - 16. Let r = p + 81. Calculate the greatest common factor of r and 8.
8
Suppose 3*s + 0*s - 21 = 0. Suppose 105 = -17*u + 22*u. Calculate the greatest common factor of u and s.
7
Let p = -2215 + 2240. What is the highest common divisor of 40 and p?
5
Let m(z) = 2*z**3 + 6*z**2 - 17*z + 2. Let c be m(2). Calculate the greatest common divisor of 968 and c.
8
Suppose 3*d - 84 = -4*d. What is the highest common divisor of d and 42?
6
Let b = 34 + -39. Let m(h) = -h**3 + h**2 + 4*h + 14. Let j be m(b). Calculate the greatest common divisor of 18 and j.
18
Let b be (-3)/((-3)/2) + 82. Let h be -1 + -1 + -1 + b. Let t be (1/6)/((-7)/(-378)). What is the greatest common factor of t and h?
9
Let x be (84/(-70))/(6/(-20)). Calculate the highest common factor of x and 46.
2
Let b = -6 + 9. Suppose 75*w + 32 = 91*w. What is the highest common factor of b and w?
1
Suppose 0*u = 5*u + 30. Let o(h) be the first derivative of h**3/3 - 2*h**2 + 2*h - 4. Let l be o(u). Calculate the greatest common factor of 93 and l.
31
Suppose -p - 5*g + 13 = 0, 4*g = -4*p + 18 + 2. Suppose 0*m + 144 = p*m. Let q = 7 + m. Calculate the highest common divisor of q and 11.
11
Let q = -2708 - -2712. Let y be (25 - 1)*(-1)/(-2). Calculate the highest common factor of q and y.
4
Let o be (8/2)/(14 + (-2504)/180). Calculate the highest common divisor of o and 195.
15
Let k = 10 + -4. Let q be k/42 + (-922)/(-14). Calculate the highest common divisor of q and 33.
33
Let i(s) = -s**3 + s**2 + 7*s + 7. Suppose p - 4 = 4*u + 4, 3*p = 4*u. Let x be i(u). Calculate the greatest common factor of 2 and x.
2
Let h be 3/5*2*(-42)/(-12)*5. Let b(k) = 29*k**2 - k. Let p be b(1). What is the greatest common divisor of p and h?
7
Suppose 30 = 3*t - 3*d, -3*d = -23*t + 22*t + 18. What is the highest common divisor of 102 and t?
6
Let z be -35*1*-2 - 2. Suppose 3*v = -2*k + z, -3*v + k + 44 = -3*k. Let a = v - 11. Calculate the greatest common divisor of 3 and a.
3
Let n be 7 - (-1)/(1/(-3)). Let y be (-7 + n)*20/6. Let k be ((-156)/10)/(3/y). Calculate the greatest common divisor of 13 and k.
13
Let i = 344 - 320. Calculate the highest common divisor of i and 12.
12
Suppose 0*h - 3*h + 39 = 0. Let o(u) = -u + 29. Let q be o(h). Let i = q - -8. What is the greatest common divisor of i and 96?
24
Let c(u) be the second derivative of 7*u**3/2 - 4*u**2 - 13*u. Let y be c(3). What is the highest common factor of y and 22?
11
Let d = -20 + 44. Let k be -8*8/(-3)*3. Suppose -5*g + k = 4*p, -5*p + p = -g + 8. Calculate the highest common fa